{"id":223,"date":"2020-10-11T20:41:13","date_gmt":"2020-10-11T20:41:13","guid":{"rendered":"https:\/\/huskycamp-nayeli.de\/cms\/?page_id=223"},"modified":"2026-01-17T22:44:36","modified_gmt":"2026-01-17T22:44:36","slug":"husky-tagestouren","status":"publish","type":"page","link":"https:\/\/huskycamp-nayeli.de\/?page_id=223","title":{"rendered":"Husky-Tagestouren"},"content":{"rendered":"<p>[et_pb_section fb_built=&#8220;1&#8243; _builder_version=&#8220;4.16&#8243; _module_preset=&#8220;default&#8220; global_colors_info=&#8220;{}&#8220;][et_pb_row _builder_version=&#8220;4.16&#8243; _module_preset=&#8220;default&#8220; width=&#8220;100%&#8220; max_width=&#8220;2560px&#8220; global_colors_info=&#8220;{}&#8220;][et_pb_column type=&#8220;4_4&#8243; _builder_version=&#8220;4.16&#8243; _module_preset=&#8220;default&#8220; global_colors_info=&#8220;{}&#8220;][et_pb_image src=&#8220;https:\/\/huskycamp-nayeli.de\/cms\/wp-content\/uploads\/2020\/10\/titeltouren2.jpg&#8220; title_text=&#8220;titeltouren2&#8243; align=&#8220;center&#8220; force_fullwidth=&#8220;on&#8220; _builder_version=&#8220;4.16&#8243; _module_preset=&#8220;default&#8220; global_colors_info=&#8220;{}&#8220;][\/et_pb_image][\/et_pb_column][\/et_pb_row][et_pb_row column_structure=&#8220;2_5,3_5&#8243; _builder_version=&#8220;4.16&#8243; _module_preset=&#8220;default&#8220; global_colors_info=&#8220;{}&#8220;][et_pb_column type=&#8220;2_5&#8243; _builder_version=&#8220;4.16&#8243; _module_preset=&#8220;default&#8220; global_colors_info=&#8220;{}&#8220;][et_pb_image src=&#8220;https:\/\/huskycamp-nayeli.de\/cms\/wp-content\/uploads\/2021\/05\/tourneu5.jpg&#8220; title_text=&#8220;tourneu5&#8243; align=&#8220;center&#8220; _builder_version=&#8220;4.16&#8243; _module_preset=&#8220;default&#8220; global_colors_info=&#8220;{}&#8220;][\/et_pb_image][et_pb_image src=&#8220;https:\/\/huskycamp-nayeli.de\/cms\/wp-content\/uploads\/2021\/05\/tourneu3.jpg&#8220; title_text=&#8220;tourneu3&#8243; align=&#8220;center&#8220; _builder_version=&#8220;4.16&#8243; _module_preset=&#8220;default&#8220; global_colors_info=&#8220;{}&#8220;][\/et_pb_image][et_pb_image src=&#8220;https:\/\/huskycamp-nayeli.de\/cms\/wp-content\/uploads\/2021\/05\/tourneu4.jpg&#8220; title_text=&#8220;tourneu4&#8243; align=&#8220;center&#8220; _builder_version=&#8220;4.16&#8243; _module_preset=&#8220;default&#8220; global_colors_info=&#8220;{}&#8220;][\/et_pb_image][et_pb_image src=&#8220;https:\/\/huskycamp-nayeli.de\/cms\/wp-content\/uploads\/2021\/05\/tourneu2.jpg&#8220; title_text=&#8220;tourneu2&#8243; align=&#8220;center&#8220; _builder_version=&#8220;4.16&#8243; _module_preset=&#8220;default&#8220; global_colors_info=&#8220;{}&#8220;][\/et_pb_image][et_pb_image src=&#8220;https:\/\/huskycamp-nayeli.de\/cms\/wp-content\/uploads\/2021\/05\/tourneu1.jpg&#8220; title_text=&#8220;tourneu1&#8243; align=&#8220;center&#8220; _builder_version=&#8220;4.16&#8243; _module_preset=&#8220;default&#8220; global_colors_info=&#8220;{}&#8220;][\/et_pb_image][\/et_pb_column][et_pb_column type=&#8220;3_5&#8243; _builder_version=&#8220;4.16&#8243; _module_preset=&#8220;default&#8220; global_colors_info=&#8220;{}&#8220;][et_pb_text _builder_version=&#8220;4.27.5&#8243; _module_preset=&#8220;default&#8220; hover_enabled=&#8220;0&#8243; global_colors_info=&#8220;{}&#8220; sticky_enabled=&#8220;0&#8243;]<\/p>\n<h4><strong>Husky-Tagestouren<\/strong><\/h4>\n<h5>Rasant unterwegs bei unserer Husky-Tour<\/h5>\n<p>Wem das Husky-Trekking zu gem\u00e4chlich ist, f\u00fcr den gibt es unsere actiongeladene Husky-Tour im Schlitten. F\u00fchlen Sie sich einen halben Tag wie ein echter Musher (Schlittenhundef\u00fchrer) und erleben Sie die Kraft, die unser Husky-Rudel entwickelt, wenn es den Schlitten durch die schwedische Idylle zieht. Der Bewegungsdrang der Hunde ist wahrlich beeindruckend.<\/p>\n<p>Sie k\u00f6nnen als Passagier im Schlitten Platz nehmen.<\/p>\n<p>Bei Ankunft lernen Sie zun\u00e4chst unsere Huskys kennen und dann werden sie f\u00fcr die Fahrt vorbereitet. Wir legen ihnen das Geschirr an und bereiten den Schlitten vor. Vor dem Start wird es spannend. Die Hunde zeigen meist durch lautes Geheule, dass sie endlich los m\u00f6chten.<br \/>Bei der rasanten Fahrt genie\u00dfen Sie die frische Luft und die reizvolle Umgebung der schwedischen Natur.<br \/>Das Zusammenspiel von Mensch und Hund in dieser nat\u00fcrlichen Umgebung ist jedes Mal aufs Neue ein besonderes Erlebnis.<br \/>Seien Sie ein Teil davon.<br \/>Weil unsere Huskys zum Teil aus dem Tierschutz kommen und wir ihnen eine artgerechte Haltung erm\u00f6glichen, ist es umso sch\u00f6ner zu sehen, wie die Tiere ihren angeborenen Bewegungsdrang ausleben und eine fordernde Aufgabe haben.<\/p>\n<p>Ideal f\u00fcr alle Huskyfreunde und die, die es noch werden m\u00f6chten.<\/p>\n<p><strong>Husky-Tour 1:<\/strong><\/p>\n<ul>\n<li>Teilnehmer: 1-4 Personen im Schlitten<\/li>\n<li>10-13 km<\/li>\n<li>Dauer: ca. 2 Stunden Aufenthalt mit Fika<\/li>\n<li>Ponchos zum \u00dcberziehen und Overshoes<\/li>\n<li>Preis: 1600 SEK (160 Euro) pro Person, Kinder (bis 12 J) 800 SEK (80 Euro)<\/li>\n<\/ul>\n<p><strong>Husky-Tour 2:<\/strong><\/p>\n<ul>\n<li>Teilnehmer: 1-4 Personen im Schlitten<\/li>\n<li>18-20 km<\/li>\n<li>Dauer: ca.3,5 &#8211; 4 Stunden Aufenthalt mit Fika<\/li>\n<li>Ponchos zum \u00dcberziehen und Overshoes<\/li>\n<li>Preis: 2500 SEK (250\u20ac) pro Person, Kinder (bis 12 J) 1250 SEK (125 \u20ac)<\/li>\n<\/ul>\n<p><strong>Husky-Tour 3:<\/strong><\/p>\n<ul>\n<li>Teilnehmer: 1-2 im Schlitten und teilweise selbst fahren<\/li>\n<li>\u00a0nach Einf\u00fchrung in die Grundbegriffe des Schlittenhundefahrens und Trocken\u00fcbungen im Umgang mit dem Schlitten, um unterwegs auch sicher das Hundeschlittengespann selbst lenken zu k\u00f6nnen. Am Anfang f\u00e4hrt die Musherin Karine den Schlitten und danach wird gewechselt, so dass jeder den Schlitten auch selbst f\u00e4hrt w\u00e4hrend die andere Person oder Karine auf dem Schlitten sitzen.<\/li>\n<li>Pause nach ca 20-25 km und dann Fika ( Imbiss ) \u00fcber offenem Feuer<\/li>\n<li>ca. 30-35 km Fahrstrecke<\/li>\n<li>Dauer: ca. 4-5 Stunden (inkl. Kennenlernen, Vorab-Informationen, Einspannen, Tour, Hunde versorgen, Fika- Imbiss variiert mal Sandwiches, Grill-W\u00fcrstchen und\/oder Suppe, Kaffee und\/oder Tee)<\/li>\n<li>Ponchos zum \u00fcberziehen und Overshoes<\/li>\n<li>ab 16 Jahre m\u00f6glich<\/li>\n<li>Preis: 3500 SEK \/\u00a0 (350\u20ac) pro Person<\/li>\n<\/ul>\n<p>&nbsp;<\/p>\n<p><strong>Anmerkungen:<\/strong><\/p>\n<p>Eine Teilnahme ist ab 8 Jahren m\u00f6glich. Kinder und Jugendliche k\u00f6nnen stets nur in Begleitung eines Erwachsenen teilnehmen.<br \/>F\u00fcr die Husky-Tour sollten Sie in einer normalen, gesunden k\u00f6rperlichen Verfassung sein und selbstverst\u00e4ndlich keine Hundehaarallergie haben.<br \/>Achten Sie auf wettergerechte Kleidung, die auch schmutzig werden darf, sowie festes Schuhwerk.<\/p>\n<p><a href=\"https:\/\/huskycamp-nayeli.de\/cms\/index.php\/kontakt\/\">Zur Buchungsanfrage<\/a><\/p>\n<p><strong>In Erg\u00e4nzung der allgemeinen AGB gilt zus\u00e4tzlich f\u00fcr die Tagestouren:<\/strong><br \/><strong><br \/>Stornierung Husky-Tagestouren<br \/><\/strong>\u00a0 \u00a0 \u00a0 \u00a0&#8211; bis 72 Stunden vor Tourbeginn\u00a0 :\u00a0 \u00a0Kostenfreie Stornierung<br \/>\u00a0 \u00a0 \u00a0 \u00a0&#8211; 72 bis 24 Stunden vor Tourbeginn:\u00a0 50 % des Tourpreises werden berechnet.<br \/>\u00a0 \u00a0 \u00a0 \u00a0&#8211; weniger als 24 Stunden vor Tourbeginn:\u00a0 100 % des Tourpreises werden berechnet.<\/p>\n<p><strong>Sonderfall Wetter &amp; Sicherheit\u00a0<br \/><\/strong>Sollte eine Tour aus Sicherheitsgr\u00fcnden oder aufgrund extremer Wetterbedingungen von uns abgesagt werden, erh\u00e4lt der Gast entweder einen Ersatztermin oder die vollst\u00e4ndige R\u00fcckerstattung des gezahlten Betrags.<\/p>\n<p><strong>Krankheit, versp\u00e4tete Anreise<br \/><\/strong>Bei Krankheit, versp\u00e4teter Anreise oder Nichterscheinen, gelten die regul\u00e4ren Stornobedingungen. Eine R\u00fcckerstattung ist in diesen F\u00e4llen nicht m\u00f6glich.<\/p>\n<p>&nbsp;<\/p>\n<p>&nbsp;<\/p>\n<p>[\/et_pb_text][\/et_pb_column][\/et_pb_row][\/et_pb_section]<\/p>\n","protected":false},"excerpt":{"rendered":"<p>Husky-Tagestouren Rasant unterwegs bei unserer Husky-Tour Wem das Husky-Trekking zu gem\u00e4chlich ist, f\u00fcr den gibt es unsere actiongeladene Husky-Tour im Schlitten. F\u00fchlen Sie sich einen halben Tag wie ein echter Musher (Schlittenhundef\u00fchrer) und erleben Sie die Kraft, die unser Husky-Rudel entwickelt, wenn es den Schlitten durch die schwedische Idylle zieht. Der Bewegungsdrang der Hunde ist [&hellip;]<\/p>\n","protected":false},"author":1,"featured_media":0,"parent":81,"menu_order":1,"comment_status":"closed","ping_status":"closed","template":"","meta":{"_et_pb_use_builder":"on","_et_pb_old_content":"","_et_gb_content_width":"","footnotes":""},"_links":{"self":[{"href":"https:\/\/huskycamp-nayeli.de\/index.php?rest_route=\/wp\/v2\/pages\/223"}],"collection":[{"href":"https:\/\/huskycamp-nayeli.de\/index.php?rest_route=\/wp\/v2\/pages"}],"about":[{"href":"https:\/\/huskycamp-nayeli.de\/index.php?rest_route=\/wp\/v2\/types\/page"}],"author":[{"embeddable":true,"href":"https:\/\/huskycamp-nayeli.de\/index.php?rest_route=\/wp\/v2\/users\/1"}],"replies":[{"embeddable":true,"href":"https:\/\/huskycamp-nayeli.de\/index.php?rest_route=%2Fwp%2Fv2%2Fcomments&post=223"}],"version-history":[{"count":25,"href":"https:\/\/huskycamp-nayeli.de\/index.php?rest_route=\/wp\/v2\/pages\/223\/revisions"}],"predecessor-version":[{"id":715,"href":"https:\/\/huskycamp-nayeli.de\/index.php?rest_route=\/wp\/v2\/pages\/223\/revisions\/715"}],"up":[{"embeddable":true,"href":"https:\/\/huskycamp-nayeli.de\/index.php?rest_route=\/wp\/v2\/pages\/81"}],"wp:attachment":[{"href":"https:\/\/huskycamp-nayeli.de\/index.php?rest_route=%2Fwp%2Fv2%2Fmedia&parent=223"}],"curies":[{"name":"wp","href":"https:\/\/api.w.org\/{rel}","templated":true}]}}